Let k be i(8). Let z = k + -5. Let d(l) = l**3 + 2*l**2 - l. What is d(z)?
-6
Suppose -5*t - 61 = 49. Let s = t + 23. Let b(n) = -7*n**3 + n**2. Give b(s).
-6
Let g(u) = -u**3 - 6*u**2 + 3 - 6*u - 2*u**3 + 2*u**3 + 13*u**2. Let q be g(6). Let k(v) = -3 + 6*v + 2*v**3 - 6*v**3 + 2 + 3*v**2 + q*v**3. What is k(4)?
7
Let u(n) = -4*n**3 + 5*n**2 + n - 1. Let m(d) = 9*d**3 - 11*d**2 - 2*d + 2. Let j(x) = -6*m(x) - 13*u(x). Calculate j(2).
-13
Let n = 3 - 1. Let z = 2 - n. Let l(s) = 0 + 6*s + s**2 - 2*s + z. Calculate l(-5).
5
Let d(a) = 2*a - a + 3 - 5. What is d(5)?
3
Let i = 104 + -102. Let p(u) = -4*u - 1 + 1 + 3. Give p(i).
-5
Let z(d) = -d + 14. Suppose -5 = -y + 7. Let l be z(y). Let r(c) = 5*c - 1. Give r(l).
9
Suppose 2*q - q + 15 = -4*f, f + q = 0. Let r(a) = -3*a - 3. Give r(f).
12
Suppose -2*t + 9 = 1. Let g(q) = 4*q - 2*q**2 - q**3 + 5 - t*q**2 + 2*q**3. Suppose 5 = 10*k - 9*k. Give g(k).
0
Let z(b) = -b**2 + 0*b**2 + 3*b + 2*b**2 + 9 - 6. Calculate z(-4).
7
Let q(f) = -2*f**3 + 13*f**2 + 19*f - 13. Let n(a) = -3*a**2 + 4 + 2 + a**3 - 9*a - 3*a**2. Let p(g) = 9*n(g) + 4*q(g). Determine p(3).
-4
Suppose -54 = -5*n + 31. Suppose 4*m + 9 = 3*x + 2*m, -x = 4*m - n. Let o(r) = -r**2 + 5*r + 4. What is o(x)?
4
Let o(n) = -8*n**3 + 7*n**2 + 6*n. Let m(t) = -t**3 + t**2 + t. Let v be (1 + 0)/(2 - 1). Let r(i) = v*o(i) - 6*m(i). What is r(1)?
-1
Let a(f) = -f + 6. Let m(t) = t - 7. Let i(g) = 7*a(g) + 6*m(g). Let l(o) = o**2 + 3*o - 4. Let d be l(-4). Determine i(d).
0
Let c(v) be the first derivative of -1/30*v**5 + 0*v + 0*v**2 + 4 - 1/8*v**4 - 2/3*v**3. Let m(f) be the third derivative of c(f). Determine m(-2).
5
Suppose -6 = -2*j + 6. Let z(m) = 5*m**2 - 10*m - 2. Let p(f) = 14*f**2 - 29*f - 6. Let i(y) = -4*p(y) + 11*z(y). Determine i(j).
2
Let l(s) = -3*s**2 - 1. Let v(y) = 10*y**2 + 2. Let n(z) = 7*l(z) + 2*v(z). Give n(0).
-3
Let q(c) be the second derivative of -c**3/6 - 3*c**2 + 2*c. Suppose 0 = -3*j - 17 - 10. Let h = j + 4. Calculate q(h).
-1
Let h = 1 + -7. Let p(f) be the third derivative of f**6/120 + 7*f**5/60 + f**4/6 - 4*f**3/3 + 8*f**2. Calculate p(h).
4
Let r(s) = s**2 + 6*s + 4. Let k be 2/(-2 - (-24)/14). Let i = -10 - k. Calculate r(i).
-5
Let b(v) be the third derivative of -11*v**7/5040 - v**5/15 + 6*v**2. Let k(y) be the third derivative of b(y). Give k(1).
-11
Let s = 94 - 98. Let a(f) = 3*f + 5. Give a(s).
-7
Let k(r) = -4*r. Suppose 0*n - 3*n - 3 = 0. Determine k(n).
4
Let z(g) = 4*g - 11. Let s(y) = 5*y - 12. Let i(c) = 3*s(c) - 4*z(c). Let j be ((-5)/2)/(5/(-10)). Let f be i(j). Let n(m) = -m + 4. Determine n(f).
1
Let t(g) be the third derivative of -1/3*g**3 - 1/60*g**5 - 1/12*g**4 + 0*g + 0 - 3*g**2. Give t(-3).
-5
Let v(c) = c + 5. Let t(q) = -2*q - 14. Let l(s) = -4*t(s) - 11*v(s). Let d be 3 - 4 - (-1 + 0). Suppose -u = 1 - d. What is l(u)?
4
Let b(f) = -3*f - 3. Let s(d) = -1. Let h(r) = b(r) - 2*s(r). What is h(-2)?
5
Let u(k) be the third derivative of k**4/24 - 2*k**3/3 - 2*k**2. Let v = 0 + 5. Calculate u(v).
1
Let w(g) = -3*g. Let s(u) be the third derivative of -u**5/60 - u**3/6 - 4*u**2. Let q be s(0). What is w(q)?
3
Let b(l) = -5 + 7 + 0*l + 2 + l. Determine b(-5).
-1
Let u(z) = -z - 1. Suppose 33 = 2*h + h + 5*o, -o - 15 = -3*h. Suppose 6*q = q + 50. Let f be (q/h + -2)*-6. Calculate u(f).
-3
Let d(y) = -y**3 - y**2 - 2*y. Suppose 5*k = -0*h - 3*h - 13, -12 = 5*k + 2*h. Let p be 112/(-18) + k/(-9). Let t be (-3)/2*(-8)/p. Give d(t).
8
Suppose -2*v - 4*j = 14, -5*v - 2*j - 2*j - 11 = 0. Let h(u) = -4*u + 2. Let s(k) = -1. Let l(z) = -h(z) - s(z). Calculate l(v).
3
Let a(w) = 3*w + 3. Let g(u) = u**2 - 5*u + 1. Let c(k) = -k**2 - 8*k + 13. Let r be c(-9). Let x be g(r). Determine a(x).
-6
Let v(s) = -4*s + 1. Let h(t) = t - 13. Let j be h(14). Calculate v(j).
-3
Let c(m) = m**3 - 7*m**2 - 7*m - 7. Let v be c(8). Let j(s) = -s. Let w(a) be the second derivative of a**3/2 + a. Let f(l) = -15*j(l) - 4*w(l). Determine f(v).
3
Let u(b) = -b**2 + 1 + 1 + 2. Let i(s) = 1 - 3*s**3 - s - 4 + 2 + 2*s. Let l be i(1). What is u(l)?
-5
Let i(m) = -m + 2*m**2 - 3*m**2 - 1 - 2*m. Suppose -v = -3*y + 12, -v - 13 = -5*y + 5. Determine i(v).
-1
Let a(x) = 3*x**2 - 2*x + 2. Let v(o) = 0*o + 6*o**2 + o + 0*o - 7*o**2 + 1. Let j(s) = -a(s) - 2*v(s). Give j(0).
-4
Let f(n) = -n**2 - 9*n - 4. Let q be ((1/2)/1)/(4/(-40)). Calculate f(q).
16
Let h(o) = -2*o - 3 + 1 - 1. Let t(z) = 11*z + 1. Let m be t(-1). Let f be (-48)/22 + m/(-55). Calculate h(f).
1
Let k be (-3 + (-26)/(-8))/(2/(-8)). Let n(y) = -4*y**3 + y**2 + y + 1. What is n(k)?
5
Suppose 2*k + 2*k = 12. Let z(f) = -1 + k - 1 - 2 - f. What is z(-1)?
0
Suppose 0 = 15*k - 18*k + 18. Let r(a) be the third derivative of -a**5/60 + a**4/6 + a**3/2 + a**2. Give r(k).
-9
Suppose -z = -5, -l + z - 7 = -z. Suppose -2*w - 6 = 3*k, k = l*k + 3*w + 9. Let j(a) be the first derivative of -a**2/2 + 4*a + 1. Calculate j(k).
4
Let t = -6 + 10. Suppose 0 = -4*h - 2*s + 7*s - t, s = -4. Let m(j) = -j - 2. What is m(h)?
4
Let a(b) = -2*b**3 + b**2 - 7*b + 6. Let w(g) = 3*g**3 - g**2 + 6*g - 5. Let v(u) = -4*a(u) - 5*w(u). Calculate v(1).
-7
Let p(n) = n**3 + 3*n**2 - 4*n - 3. Let s be 9/3 - (-3)/(-3). Suppose q + 9 = -s*q. Calculate p(q).
9
Let z(j) be the second derivative of 25*j**3/6 - 2*j**2 - j. Let r(k) = -6*k + 1. Let x be 1/(8/18)*-4. Let a(c) = x*r(c) - 2*z(c). What is a(1)?
3
Let a(p) = 2*p**2 - 1. Let l(j) = 3*j**2 + j. Let u(n) = 4*a(n) - 3*l(n). Calculate u(-3).
-4
Let g(s) be the third derivative of -s**4/24 + 3*s**3/2 + 69*s**2. Give g(6).
3
Let p(o) be the first derivative of -2*o**2 + 2*o - 6. Determine p(-2).
10
Let f(q) = -3*q + 1. Let w be 12/(-15)*(-4 + (-9)/(-6)). Calculate f(w).
-5
Let d(p) = -17*p**3 - 1 + 40*p**3 + 2*p - 22*p**3. Determine d(-2).
-13
Suppose 0 = -11*y - 8 + 63. Let d(b) = -b - 3. Determine d(y).
-8
Let l = 23 - 21. Let h(s) = -2*s**2 + 12*s + 1 - 5*s + 5*s**l - 6*s. Determine h(-1).
3
Let v(h) = -h - 6. Let n = 12 - 12. Let f be (2 + -2 + n)*1. Determine v(f).
-6
Let l(r) = -3 + 6 + 4*r - 10*r**2 - 7*r - 2. Let o(u) = -40*u**2 - 13*u + 4. Let v(s) = -9*l(s) + 2*o(s). Determine v(1).
10
Let g(k) = -k**3 + 4*k**2 + 4. Let c = 1 + -1. Let l(p) = -p + 2. Let x be l(-2). Suppose -h + x = -c*h. Determine g(h).
4
Let n(h) = -4*h**3 - h**2 - 10*h - 5. Let d(p) = p**3 + p**2 + p + 1. Let q(s) = 5*d(s) + n(s). Let b be (5/2)/(5/(-10)). Determine q(b).
0
Let f be ((-70)/21)/((5/3)/(-5)). Let b(t) = t**3 - 11*t**2 + 9*t - 11. What is b(f)?
-21
Suppose -4 = 4*s + 3*u, -2*s = -4*u - 1 + 3. Let k(x) = 3*x - 4. Let y(i) = -i - 1. Let z(c) = s*k(c) - 4*y(c). What is z(0)?
8
Let s(a) be the second derivative of 2*a**3/3 - a**2/2 + 6*a. Determine s(2).
7
Let y(v) = v**3 - 4*v**2 - 7*v + 3. Suppose -2*b - 2*z + 2 = -12, 4*b - 23 = -3*z. Let g be b/(-4) + 209/38. Calculate y(g).
-7
Let i(w) = -w**3 + 4*w**2 - 4*w + 2. Let r = -50 - -52. What is i(r)?
2
Let k(o) = o**3 - 7*o**2 + 5*o - 5. Suppose 0 = 4*z - 3*h - 27, 4*z - 16 = -h + 7. What is k(z)?
-11
Let d(l) = 0*l + 0 - 1 + l + l**2. Let y be 7/21*6*1. What is d(y)?
5
Let k(v) = 1 + 0*v + v + 0*v. Suppose 2*b + 0 = 4. Suppose 0 = 2*n + b. What is k(n)?
0
Let v(s) = s**2 + s + 1. Let u(f) = -4*f**2 - 3*f - 4. Let a(n) = -2*u(n) - 7*v(n). Calculate a(4).
13
Let a(q) = q**3 + q**2 + q - 3. Suppose 4*t - 24 - 8 = 0. Let b be 1/(-4) + t/32. Give a(b).
-3
Suppose 0 = 3*w + 3*w. Let b(m) = -m**3 + m + 4. What is b(w)?
4
Let r be (-72)/(-21) - (-6)/(-14). Suppose r*d = 3*m - 6, -2*m + 3 - 1 = -d. Let l be m + (2 + -1)/(-1). Let a(x) = -5*x**3 + x + 1. What is a(l)?
5
Let y(q) = 12 - 12*q + 22*q + 3*q**2 - 2*q**2 - 2*q**2. Let z be y(11). Let x(j) = -13*j - 3. Let p(r) = 7*r + 1. Let c(l) = -5*p(l) - 2*x(l). Give c(z).
-8
Let b(a) = -a**3 + 6 - 3 - a - 12*a**2 + 12*a**2. Suppose n + d - 4 = 0, 5*n - d - 2*d + 12 = 0. What is b(n)?
3
Let z(c) = c**2 - 6*c + 2. Let k = -16 - -21. What is z(k)?
-3
Suppose -4*o + 3*m = 23, o - 2*o = 5*m - 23. Let w(f) be the third derivative of -f**6/120 - f**5/15 - f**4/6 - f**3/3 + f**2. Calculate w(o).
-2
Suppose u + 1 = -0*u - h, 0 = 2*u - 5*h + 37. Let w(v) = v + 5. What is w(u)?
-1
Let r(x) be the third derivative of -1/6*x**3 + 0 + 2*x**2 + 0*x + 1/120*x**6 - 1/4*x**4 + 1/15*x**